CRAN Package Check Results for Package nanotime

Last updated on 2020-12-04 00:48:28 CET.

Flavor Version Tinstall Tcheck Ttotal Status Flags
r-devel-linux-x86_64-debian-clang 0.3.2 78.33 66.88 145.21 OK
r-devel-linux-x86_64-debian-gcc 0.3.2 55.06 52.76 107.82 OK
r-devel-linux-x86_64-fedora-clang 0.3.2 199.69 NOTE
r-devel-linux-x86_64-fedora-gcc 0.3.2 181.18 OK
r-devel-windows-ix86+x86_64 0.3.2 180.00 104.00 284.00 OK
r-patched-linux-x86_64 0.3.2 68.33 67.24 135.57 OK
r-patched-solaris-x86 0.3.2 189.80 OK
r-release-linux-x86_64 0.3.2 65.79 65.89 131.68 OK
r-release-macos-x86_64 0.3.2 OK
r-release-windows-ix86+x86_64 0.3.2 129.00 139.00 268.00 OK
r-oldrel-macos-x86_64 0.3.2 ERROR
r-oldrel-windows-ix86+x86_64 0.3.2 128.00 128.00 256.00 OK

Check Details

Version: 0.3.2
Check: installed package size
Result: NOTE
     installed size is 5.9Mb
     sub-directories of 1Mb or more:
     libs 4.9Mb
Flavor: r-devel-linux-x86_64-fedora-clang

Version: 0.3.2
Check: tests
Result: ERROR
     Running ‘POSIXt.R’ [1s/1s]
     Running ‘data.frame.R’ [1s/1s]
     Running ‘simpleTests.R’ [1s/1s]
     Running ‘tinytest.R’ [4s/4s]
    Running the tests in ‘tests/tinytest.R’ failed.
    Last 13 lines of output:
     call| expect_error(as.nanoduration("1000a"), "cannot parse nanoduration")
     diff| The error message:
     diff| 'c++ exception (unknown reason)'
     diff| does not match pattern 'cannot parse nanoduration'
     ----- FAILED[xcpt]: test_nanoduration.R<39--39>
     call| expect_error(as.nanoduration("10:10:10.1000a"), "cannot parse nanoduration")
     diff| The error message:
     diff| 'c++ exception (unknown reason)'
     diff| does not match pattern 'cannot parse nanoduration'
     ----- FAILED[xcpt]: test_nanoduration.R<40--40>
     call| expect_error(as.nanoduration("a"), "cannot parse nanoduration")
     diff| The error message:
     diff| 'c++ exception (unknown reason)'
     diff| does not match pattern 'cannot parse nanoduration'
     Execution halted
Flavor: r-oldrel-macos-x86_64