Last updated on 2020-12-04 00:48:28 CET.
Flavor | Version | Tinstall | Tcheck | Ttotal | Status | Flags |
---|---|---|---|---|---|---|
r-devel-linux-x86_64-debian-clang | 1.0.0 | 4.22 | 112.38 | 116.60 | OK | |
r-devel-linux-x86_64-debian-gcc | 1.0.0 | 3.77 | 86.45 | 90.22 | OK | |
r-devel-linux-x86_64-fedora-clang | 1.0.0 | 113.85 | NOTE | |||
r-devel-linux-x86_64-fedora-gcc | 1.0.0 | 90.68 | NOTE | |||
r-devel-windows-ix86+x86_64 | 1.0.0 | 9.00 | 66.00 | 75.00 | OK | |
r-patched-linux-x86_64 | 1.0.0 | 3.77 | 93.72 | 97.49 | OK | |
r-patched-solaris-x86 | 1.0.0 | 115.40 | NOTE | |||
r-release-linux-x86_64 | 1.0.0 | 3.83 | 91.12 | 94.95 | OK | |
r-release-macos-x86_64 | 1.0.0 | NOTE | ||||
r-release-windows-ix86+x86_64 | 1.0.0 | 6.00 | 70.00 | 76.00 | OK | |
r-oldrel-macos-x86_64 | 1.0.0 | NOTE | ||||
r-oldrel-windows-ix86+x86_64 | 1.0.0 | 6.00 | 95.00 | 101.00 | OK |
Version: 1.0.0
Check: data for non-ASCII characters
Result: NOTE
Note: found 50 marked UTF-8 strings
Flavors: r-devel-linux-x86_64-fedora-clang, r-devel-linux-x86_64-fedora-gcc, r-patched-solaris-x86, r-release-macos-x86_64, r-oldrel-macos-x86_64