CRAN Package Check Results for Package nLTT

Last updated on 2020-12-04 00:48:28 CET.

Flavor Version Tinstall Tcheck Ttotal Status Flags
r-devel-linux-x86_64-debian-clang 1.4.3 3.60 85.28 88.88 OK
r-devel-linux-x86_64-debian-gcc 1.4.3 2.64 63.71 66.35 OK
r-devel-linux-x86_64-fedora-clang 1.4.3 108.78 NOTE
r-devel-linux-x86_64-fedora-gcc 1.4.3 100.38 NOTE
r-devel-windows-ix86+x86_64 1.4.3 7.00 84.00 91.00 OK
r-patched-linux-x86_64 1.4.3 4.00 81.21 85.21 OK
r-patched-solaris-x86 1.4.3 141.50 NOTE
r-release-linux-x86_64 1.4.3 3.54 81.97 85.51 OK
r-release-macos-x86_64 1.4.3 NOTE
r-release-windows-ix86+x86_64 1.4.3 5.00 86.00 91.00 OK
r-oldrel-macos-x86_64 1.4.3 NOTE
r-oldrel-windows-ix86+x86_64 1.4.3 4.00 106.00 110.00 OK

Check Details

Version: 1.4.3
Check: dependencies in R code
Result: NOTE
    Namespace in Imports field not imported from: ‘deSolve’
     All declared Imports should be used.
Flavors: r-devel-linux-x86_64-fedora-clang, r-devel-linux-x86_64-fedora-gcc, r-patched-solaris-x86, r-release-macos-x86_64, r-oldrel-macos-x86_64