Last updated on 2020-12-04 00:48:28 CET.
Flavor | Version | Tinstall | Tcheck | Ttotal | Status | Flags |
---|---|---|---|---|---|---|
r-devel-linux-x86_64-debian-clang | 1.0.2 | 11.49 | 128.13 | 139.62 | OK | |
r-devel-linux-x86_64-debian-gcc | 1.0.2 | 9.65 | 95.89 | 105.54 | OK | |
r-devel-linux-x86_64-fedora-clang | 1.0.2 | 167.24 | NOTE | |||
r-devel-linux-x86_64-fedora-gcc | 1.0.2 | 159.14 | NOTE | |||
r-devel-windows-ix86+x86_64 | 1.0.2 | 25.00 | 114.00 | 139.00 | OK | |
r-patched-linux-x86_64 | 1.0.2 | 10.87 | 119.08 | 129.95 | OK | |
r-patched-solaris-x86 | 1.0.2 | 230.40 | NOTE | |||
r-release-linux-x86_64 | 1.0.2 | 10.57 | 119.85 | 130.42 | OK | |
r-release-macos-x86_64 | 1.0.2 | NOTE | ||||
r-release-windows-ix86+x86_64 | 1.0.2 | 19.00 | 118.00 | 137.00 | OK | |
r-oldrel-macos-x86_64 | 1.0.2 | NOTE | ||||
r-oldrel-windows-ix86+x86_64 | 1.0.2 | 28.00 | 149.00 | 177.00 | OK |
Version: 1.0.2
Check: dependencies in R code
Result: NOTE
Namespace in Imports field not imported from: ‘Rdpack’
All declared Imports should be used.
Flavors: r-devel-linux-x86_64-fedora-clang, r-devel-linux-x86_64-fedora-gcc, r-patched-solaris-x86, r-release-macos-x86_64, r-oldrel-macos-x86_64