Last updated on 2020-12-04 00:48:28 CET.
Flavor | Version | Tinstall | Tcheck | Ttotal | Status | Flags |
---|---|---|---|---|---|---|
r-devel-linux-x86_64-debian-clang | 0.0.2 | 4.12 | 39.41 | 43.53 | NOTE | |
r-devel-linux-x86_64-debian-gcc | 0.0.2 | 3.33 | 32.42 | 35.75 | NOTE | |
r-devel-linux-x86_64-fedora-clang | 0.0.2 | 55.86 | NOTE | |||
r-devel-linux-x86_64-fedora-gcc | 0.0.2 | 46.27 | NOTE | |||
r-devel-windows-ix86+x86_64 | 0.0.2 | 8.00 | 43.00 | 51.00 | NOTE | |
r-patched-linux-x86_64 | 0.0.2 | 3.99 | 36.47 | 40.46 | NOTE | |
r-patched-solaris-x86 | 0.0.2 | 67.00 | NOTE | |||
r-release-linux-x86_64 | 0.0.2 | 3.97 | 35.86 | 39.83 | NOTE | |
r-release-macos-x86_64 | 0.0.2 | NOTE | ||||
r-release-windows-ix86+x86_64 | 0.0.2 | 6.00 | 64.00 | 70.00 | NOTE | |
r-oldrel-macos-x86_64 | 0.0.2 | NOTE | ||||
r-oldrel-windows-ix86+x86_64 | 0.0.2 | 5.00 | 52.00 | 57.00 | NOTE |
Version: 0.0.2
Check: R code for possible problems
Result: NOTE
plotFID: no visible global function definition for 'points'
Undefined global functions or variables:
points
Consider adding
importFrom("graphics", "points")
to your NAMESPACE file.
Flavors: r-devel-linux-x86_64-debian-clang, r-devel-linux-x86_64-debian-gcc, r-devel-linux-x86_64-fedora-clang, r-devel-linux-x86_64-fedora-gcc, r-devel-windows-ix86+x86_64, r-patched-linux-x86_64, r-patched-solaris-x86, r-release-linux-x86_64, r-release-macos-x86_64, r-release-windows-ix86+x86_64
Version: 0.0.2
Check: for non-standard things in the check directory
Result: NOTE
Found the following files/directories:
'audio.wav'
Flavors: r-devel-linux-x86_64-debian-clang, r-devel-linux-x86_64-debian-gcc, r-devel-linux-x86_64-fedora-clang, r-devel-linux-x86_64-fedora-gcc, r-patched-linux-x86_64, r-patched-solaris-x86, r-release-linux-x86_64
Version: 0.0.2
Check: Rd cross-references
Result: NOTE
Undeclared package ‘tuneR’ in Rd xrefs
Flavor: r-devel-linux-x86_64-fedora-clang
Version: 0.0.2
Check: R code for possible problems
Result: NOTE
plotFID: no visible global function definition for ‘plot’
plotFID: no visible global function definition for ‘points’
Undefined global functions or variables:
plot points
Consider adding
importFrom("graphics", "plot", "points")
to your NAMESPACE file.
Flavors: r-oldrel-macos-x86_64, r-oldrel-windows-ix86+x86_64