CRAN Package Check Results for Package multinomineq

Last updated on 2020-12-04 00:48:27 CET.

Flavor Version Tinstall Tcheck Ttotal Status Flags
r-devel-linux-x86_64-debian-clang 0.2.1 81.18 277.95 359.13 NOTE
r-devel-linux-x86_64-debian-gcc 0.2.1 55.29 182.09 237.38 NOTE
r-devel-linux-x86_64-fedora-clang 0.2.1 447.07 NOTE
r-devel-linux-x86_64-fedora-gcc 0.2.1 425.28 NOTE
r-devel-windows-ix86+x86_64 0.2.1 178.00 494.00 672.00 NOTE
r-patched-linux-x86_64 0.2.1 66.21 262.84 329.05 NOTE
r-patched-solaris-x86 0.2.1 498.30 NOTE
r-release-linux-x86_64 0.2.1 66.46 260.76 327.22 NOTE
r-release-macos-x86_64 0.2.1 NOTE
r-release-windows-ix86+x86_64 0.2.1 136.00 497.00 633.00 NOTE
r-oldrel-macos-x86_64 0.2.1 NOTE
r-oldrel-windows-ix86+x86_64 0.2.1 129.00 641.00 770.00 NOTE

Check Details

Version: 0.2.1
Check: package dependencies
Result: NOTE
    Package suggested but not available for checking: 'rPorta'
Flavors: r-devel-linux-x86_64-debian-clang, r-devel-linux-x86_64-debian-gcc, r-devel-linux-x86_64-fedora-clang, r-devel-linux-x86_64-fedora-gcc, r-devel-windows-ix86+x86_64, r-patched-linux-x86_64, r-patched-solaris-x86, r-release-linux-x86_64, r-release-macos-x86_64, r-release-windows-ix86+x86_64, r-oldrel-macos-x86_64, r-oldrel-windows-ix86+x86_64

Version: 0.2.1
Check: installed package size
Result: NOTE
     installed size is 6.3Mb
     sub-directories of 1Mb or more:
     libs 4.9Mb
Flavors: r-devel-linux-x86_64-fedora-clang, r-release-macos-x86_64, r-oldrel-macos-x86_64