CRAN Package Check Results for Package mully

Last updated on 2020-12-04 00:48:27 CET.

Flavor Version Tinstall Tcheck Ttotal Status Flags
r-devel-linux-x86_64-debian-clang 2.1.26 7.25 63.86 71.11 OK
r-devel-linux-x86_64-debian-gcc 2.1.26 6.25 50.38 56.63 OK
r-devel-linux-x86_64-fedora-clang 2.1.26 91.07 NOTE
r-devel-linux-x86_64-fedora-gcc 2.1.26 82.34 NOTE
r-devel-windows-ix86+x86_64 2.1.26 21.00 73.00 94.00 OK
r-patched-linux-x86_64 2.1.26 6.91 62.21 69.12 OK
r-patched-solaris-x86 2.1.26 117.20 NOTE
r-release-linux-x86_64 2.1.26 7.84 61.51 69.35 OK
r-release-macos-x86_64 2.1.26 NOTE
r-release-windows-ix86+x86_64 2.1.26 15.00 114.00 129.00 OK
r-oldrel-macos-x86_64 2.1.26 WARN
r-oldrel-windows-ix86+x86_64 2.1.26 13.00 97.00 110.00 OK

Check Details

Version: 2.1.26
Check: dependencies in R code
Result: NOTE
    Namespace in Imports field not imported from: ‘shape’
     All declared Imports should be used.
Flavors: r-devel-linux-x86_64-fedora-clang, r-devel-linux-x86_64-fedora-gcc, r-patched-solaris-x86, r-release-macos-x86_64, r-oldrel-macos-x86_64

Version: 2.1.26
Check: whether package can be installed
Result: WARN
    Found the following significant warnings:
     Warning: 'rgl.init' failed, running with 'rgl.useNULL = TRUE'.
Flavor: r-oldrel-macos-x86_64