CRAN Package Check Results for Package mstrio

Last updated on 2020-12-04 00:48:27 CET.

Flavor Version Tinstall Tcheck Ttotal Status Flags
r-devel-linux-x86_64-debian-clang 11.2.2.1 11.66 49.54 61.20 OK
r-devel-linux-x86_64-debian-gcc 11.2.2.1 10.93 40.17 51.10 OK
r-devel-linux-x86_64-fedora-clang 11.2.2.1 79.53 NOTE
r-devel-linux-x86_64-fedora-gcc 11.2.2.1 69.20 NOTE
r-devel-windows-ix86+x86_64 11.2.2.1 22.00 51.00 73.00 OK
r-patched-linux-x86_64 11.2.2.1 12.37 46.92 59.29 OK
r-patched-solaris-x86 11.2.2.1 103.10 NOTE
r-release-linux-x86_64 11.2.2.1 11.58 45.16 56.74 OK
r-release-macos-x86_64 11.2.2.1 NOTE
r-release-windows-ix86+x86_64 11.2.2.1 15.00 51.00 66.00 OK
r-oldrel-macos-x86_64 11.2.2.1 NOTE
r-oldrel-windows-ix86+x86_64 11.2.2.1 17.00 67.00 84.00 OK

Additional issues

donttest

Check Details

Version: 11.2.2.1
Check: dependencies in R code
Result: NOTE
    Namespace in Imports field not imported from: ‘methods’
     All declared Imports should be used.
Flavors: r-devel-linux-x86_64-fedora-clang, r-devel-linux-x86_64-fedora-gcc, r-patched-solaris-x86, r-release-macos-x86_64, r-oldrel-macos-x86_64