CRAN Package Check Results for Package mssqlR

Last updated on 2020-12-04 00:48:27 CET.

Flavor Version Tinstall Tcheck Ttotal Status Flags
r-devel-linux-x86_64-debian-clang 1.0.0 2.03 22.81 24.84 OK
r-devel-linux-x86_64-debian-gcc 1.0.0 2.04 19.94 21.98 OK
r-devel-linux-x86_64-fedora-clang 1.0.0 35.06 OK
r-devel-linux-x86_64-fedora-gcc 1.0.0 25.42 OK
r-devel-windows-ix86+x86_64 1.0.0 5.00 27.00 32.00 OK
r-patched-linux-x86_64 1.0.0 2.18 21.89 24.07 OK
r-patched-solaris-x86 1.0.0 42.00 OK
r-release-linux-x86_64 1.0.0 2.43 22.04 24.47 OK
r-release-macos-x86_64 1.0.0 ERROR
r-release-windows-ix86+x86_64 1.0.0 4.00 39.00 43.00 OK
r-oldrel-macos-x86_64 1.0.0 ERROR
r-oldrel-windows-ix86+x86_64 1.0.0 3.00 34.00 37.00 OK

Check Details

Version: 1.0.0
Check: examples
Result: ERROR
    Running examples in ‘mssqlR-Ex.R’ failed
Flavors: r-release-macos-x86_64, r-oldrel-macos-x86_64