CRAN Package Check Results for Package mscstts

Last updated on 2020-12-04 00:48:27 CET.

Flavor Version Tinstall Tcheck Ttotal Status Flags
r-devel-linux-x86_64-debian-clang 0.6.2 2.95 30.99 33.94 OK
r-devel-linux-x86_64-debian-gcc 0.6.2 2.57 25.69 28.26 OK
r-devel-linux-x86_64-fedora-clang 0.6.2 45.43 NOTE
r-devel-linux-x86_64-fedora-gcc 0.6.2 35.24 NOTE
r-devel-windows-ix86+x86_64 0.6.2 5.00 32.00 37.00 OK
r-patched-linux-x86_64 0.6.2 3.00 28.88 31.88 OK
r-patched-solaris-x86 0.6.2 49.60 NOTE
r-release-linux-x86_64 0.6.2 3.07 30.22 33.29 OK
r-release-macos-x86_64 0.6.2 NOTE
r-release-windows-ix86+x86_64 0.6.2 4.00 33.00 37.00 OK
r-oldrel-macos-x86_64 0.6.2 NOTE
r-oldrel-windows-ix86+x86_64 0.6.2 4.00 44.00 48.00 OK

Check Details

Version: 0.6.2
Check: data for non-ASCII characters
Result: NOTE
     Note: found 26 marked UTF-8 strings
Flavors: r-devel-linux-x86_64-fedora-clang, r-devel-linux-x86_64-fedora-gcc, r-patched-solaris-x86, r-release-macos-x86_64, r-oldrel-macos-x86_64