CRAN Package Check Results for Package mrbayes

Last updated on 2020-12-04 00:48:27 CET.

Flavor Version Tinstall Tcheck Ttotal Status Flags
r-devel-linux-x86_64-debian-clang 0.2.0 352.36 319.10 671.46 NOTE
r-devel-linux-x86_64-debian-gcc 0.2.0 310.01 218.28 528.29 NOTE
r-devel-linux-x86_64-fedora-clang 0.2.0 824.43 NOTE
r-devel-linux-x86_64-fedora-gcc 0.2.0 878.55 NOTE
r-devel-windows-ix86+x86_64 0.2.0 780.00 410.00 1190.00 NOTE
r-patched-linux-x86_64 0.2.0 267.41 290.85 558.26 NOTE
r-patched-solaris-x86 0.2.0 938.90 NOTE
r-release-linux-x86_64 0.2.0 263.59 287.80 551.39 NOTE
r-release-macos-x86_64 0.2.0 NOTE
r-release-windows-ix86+x86_64 0.2.0 576.00 400.00 976.00 NOTE
r-oldrel-macos-x86_64 0.2.0 NOTE
r-oldrel-windows-ix86+x86_64 0.2.0 637.00 517.00 1154.00 NOTE

Check Details

Version: 0.2.0
Check: for GNU extensions in Makefiles
Result: NOTE
    GNU make is a SystemRequirements.
Flavors: r-devel-linux-x86_64-debian-clang, r-devel-linux-x86_64-debian-gcc, r-devel-linux-x86_64-fedora-clang, r-devel-linux-x86_64-fedora-gcc, r-devel-windows-ix86+x86_64, r-patched-linux-x86_64, r-patched-solaris-x86, r-release-linux-x86_64, r-release-macos-x86_64, r-release-windows-ix86+x86_64, r-oldrel-macos-x86_64, r-oldrel-windows-ix86+x86_64

Version: 0.2.0
Check: installed package size
Result: NOTE
     installed size is 62.8Mb
     sub-directories of 1Mb or more:
     libs 62.4Mb
Flavors: r-devel-linux-x86_64-fedora-clang, r-devel-windows-ix86+x86_64, r-release-macos-x86_64, r-release-windows-ix86+x86_64, r-oldrel-macos-x86_64, r-oldrel-windows-ix86+x86_64

Version: 0.2.0
Check: dependencies in R code
Result: NOTE
    Namespace in Imports field not imported from: ‘rstantools’
     All declared Imports should be used.
Flavors: r-devel-linux-x86_64-fedora-clang, r-devel-linux-x86_64-fedora-gcc, r-patched-solaris-x86, r-release-macos-x86_64, r-oldrel-macos-x86_64