Last updated on 2020-12-04 00:48:27 CET.
Flavor | Version | Tinstall | Tcheck | Ttotal | Status | Flags |
---|---|---|---|---|---|---|
r-devel-linux-x86_64-debian-clang | 0.4-2.16 | 23.64 | 135.97 | 159.61 | OK | |
r-devel-linux-x86_64-debian-gcc | 0.4-2.16 | 19.88 | 104.68 | 124.56 | OK | |
r-devel-linux-x86_64-fedora-clang | 0.4-2.16 | 197.34 | NOTE | |||
r-devel-linux-x86_64-fedora-gcc | 0.4-2.16 | 189.70 | OK | |||
r-devel-windows-ix86+x86_64 | 0.4-2.16 | 65.00 | 179.00 | 244.00 | OK | |
r-patched-linux-x86_64 | 0.4-2.16 | 22.86 | 128.56 | 151.42 | OK | |
r-patched-solaris-x86 | 0.4-2.16 | 256.20 | OK | |||
r-release-linux-x86_64 | 0.4-2.16 | 20.95 | 129.17 | 150.12 | OK | |
r-release-macos-x86_64 | 0.4-2.16 | OK | ||||
r-release-windows-ix86+x86_64 | 0.4-2.16 | 53.00 | 244.00 | 297.00 | OK | |
r-oldrel-macos-x86_64 | 0.4-2.16 | OK | ||||
r-oldrel-windows-ix86+x86_64 | 0.4-2.16 | 61.00 | 211.00 | 272.00 | ERROR |
Version: 0.4-2.16
Check: Rd cross-references
Result: NOTE
Undeclared packages ‘SparseM’, ‘slam’ in Rd xrefs
Flavor: r-devel-linux-x86_64-fedora-clang
Version: 0.4-2.16
Check: running examples for arch ‘i386’
Result: ERROR
Running examples in 'mpath-Ex.R' failed
The error most likely occurred in:
> ### Name: cv.ccsvm
> ### Title: Cross-validation for ccsvm
> ### Aliases: cv.ccsvm cv.ccsvm.formula cv.ccsvm.matrix cv.ccsvm.default
> ### Keywords: models regression
>
> ### ** Examples
>
> x <- matrix(rnorm(40*2), ncol=2)
> y <- c(rep(-1, 20), rep(1, 20))
> x[y==1,] <- x[y==1, ] + 1
> ccsvm.opt <- cv.ccsvm(x, y, type="C-classification", s=1, kernel="linear", cfun="acave")
Error in apply(residmat[, kseq], 1, mean) :
dim(X) must have a positive length
Calls: cv.ccsvm -> cv.ccsvm.matrix -> cv.ccsvm_fit -> apply
Execution halted
Flavor: r-oldrel-windows-ix86+x86_64