Last updated on 2020-12-04 00:48:27 CET.
Flavor | Version | Tinstall | Tcheck | Ttotal | Status | Flags |
---|---|---|---|---|---|---|
r-devel-linux-x86_64-debian-clang | 0.2-5 | 5.39 | 74.20 | 79.59 | NOTE | |
r-devel-linux-x86_64-debian-gcc | 0.2-5 | 3.57 | 56.69 | 60.26 | NOTE | |
r-devel-linux-x86_64-fedora-clang | 0.2-5 | 96.25 | NOTE | |||
r-devel-linux-x86_64-fedora-gcc | 0.2-5 | 96.05 | NOTE | |||
r-devel-windows-ix86+x86_64 | 0.2-5 | 16.00 | 81.00 | 97.00 | NOTE | |
r-patched-linux-x86_64 | 0.2-5 | 4.57 | 69.33 | 73.90 | NOTE | |
r-patched-solaris-x86 | 0.2-5 | 115.70 | NOTE | |||
r-release-linux-x86_64 | 0.2-5 | 5.25 | 69.08 | 74.33 | NOTE | |
r-release-macos-x86_64 | 0.2-5 | NOTE | ||||
r-release-windows-ix86+x86_64 | 0.2-5 | 12.00 | 127.00 | 139.00 | NOTE | |
r-oldrel-macos-x86_64 | 0.2-5 | NOTE | ||||
r-oldrel-windows-ix86+x86_64 | 0.2-5 | 11.00 | 111.00 | 122.00 | NOTE |
Version: 0.2-5
Check: package dependencies
Result: NOTE
Package suggested but not available for checking: 'corpus.useR.2008.abstracts'
Flavors: r-devel-linux-x86_64-debian-clang, r-devel-linux-x86_64-debian-gcc, r-devel-linux-x86_64-fedora-clang, r-devel-linux-x86_64-fedora-gcc, r-devel-windows-ix86+x86_64, r-patched-linux-x86_64, r-patched-solaris-x86, r-release-linux-x86_64, r-release-macos-x86_64, r-release-windows-ix86+x86_64, r-oldrel-macos-x86_64, r-oldrel-windows-ix86+x86_64