CRAN Package Check Results for Package morphomap

Last updated on 2020-12-04 00:48:27 CET.

Flavor Version Tinstall Tcheck Ttotal Status Flags
r-devel-linux-x86_64-debian-clang 1.2 20.87 189.65 210.52 OK
r-devel-linux-x86_64-debian-gcc 1.2 18.50 147.57 166.07 OK
r-devel-linux-x86_64-fedora-clang 1.2 266.97 OK
r-devel-linux-x86_64-fedora-gcc 1.2 257.77 OK
r-devel-windows-ix86+x86_64 1.2 46.00 152.00 198.00 OK
r-patched-linux-x86_64 1.2 21.50 176.99 198.49 OK
r-patched-solaris-x86 1.2 366.50 OK
r-release-linux-x86_64 1.2 20.28 174.50 194.78 OK
r-release-macos-x86_64 1.2 OK
r-release-windows-ix86+x86_64 1.2 34.00 158.00 192.00 OK
r-oldrel-macos-x86_64 1.2 WARN
r-oldrel-windows-ix86+x86_64 1.2 41.00 200.00 241.00 OK

Check Details

Version: 1.2
Check: whether package can be installed
Result: WARN
    Found the following significant warnings:
     Warning: 'rgl.init' failed, running with 'rgl.useNULL = TRUE'.
Flavor: r-oldrel-macos-x86_64