CRAN Package Check Results for Package monitoR

Last updated on 2020-12-04 00:48:27 CET.

Flavor Version Tinstall Tcheck Ttotal Status Flags
r-devel-linux-x86_64-debian-clang 1.0.7 13.00 123.02 136.02 OK
r-devel-linux-x86_64-debian-gcc 1.0.7 10.24 93.87 104.11 OK
r-devel-linux-x86_64-fedora-clang 1.0.7 168.17 NOTE
r-devel-linux-x86_64-fedora-gcc 1.0.7 162.43 OK
r-devel-windows-ix86+x86_64 1.0.7 23.00 107.00 130.00 OK
r-patched-linux-x86_64 1.0.7 12.32 116.88 129.20 OK
r-patched-solaris-x86 1.0.7 220.40 OK
r-release-linux-x86_64 1.0.7 11.07 118.85 129.92 OK
r-release-macos-x86_64 1.0.7 OK
r-release-windows-ix86+x86_64 1.0.7 19.00 150.00 169.00 OK
r-oldrel-macos-x86_64 1.0.7 OK
r-oldrel-windows-ix86+x86_64 1.0.7 16.00 134.00 150.00 OK

Check Details

Version: 1.0.7
Check: Rd cross-references
Result: NOTE
    Undeclared package ‘seewave’ in Rd xrefs
Flavor: r-devel-linux-x86_64-fedora-clang