Last updated on 2020-12-04 00:48:27 CET.
Flavor | Version | Tinstall | Tcheck | Ttotal | Status | Flags |
---|---|---|---|---|---|---|
r-devel-linux-x86_64-debian-clang | 4.5 | 18.43 | 219.21 | 237.64 | OK | |
r-devel-linux-x86_64-debian-gcc | 4.5 | 16.17 | 160.54 | 176.71 | OK | |
r-devel-linux-x86_64-fedora-clang | 4.5 | 291.46 | NOTE | |||
r-devel-linux-x86_64-fedora-gcc | 4.5 | 280.18 | OK | |||
r-devel-windows-ix86+x86_64 | 4.5 | 37.00 | 190.00 | 227.00 | NOTE | |
r-patched-linux-x86_64 | 4.5 | 16.65 | 208.28 | 224.93 | OK | |
r-patched-solaris-x86 | 4.5 | 306.00 | WARN | |||
r-release-linux-x86_64 | 4.5 | 18.29 | 213.44 | 231.73 | OK | |
r-release-macos-x86_64 | 4.5 | WARN | ||||
r-release-windows-ix86+x86_64 | 4.5 | 28.00 | 275.00 | 303.00 | NOTE | |
r-oldrel-macos-x86_64 | 4.5 | WARN | ||||
r-oldrel-windows-ix86+x86_64 | 4.5 | 35.00 | 267.00 | 302.00 | NOTE |
Version: 4.5
Check: installed package size
Result: NOTE
installed size is 24.1Mb
sub-directories of 1Mb or more:
doc 23.1Mb
Flavors: r-devel-linux-x86_64-fedora-clang, r-devel-windows-ix86+x86_64, r-patched-solaris-x86, r-release-macos-x86_64, r-release-windows-ix86+x86_64, r-oldrel-macos-x86_64, r-oldrel-windows-ix86+x86_64
Version: 4.5
Check: re-building of vignette outputs
Result: WARN
Error(s) in re-building vignettes:
...
--- re-building ‘molaR_vignette.Rmd’ using rmarkdown
Warning in engine$weave(file, quiet = quiet, encoding = enc) :
Pandoc (>= 1.12.3) and/or pandoc-citeproc not available. Falling back to R Markdown v1.
Loading required package: alphahull
Loading required package: rgl
Loading required package: Rvcg
Quitting from lines 58-60 (molaR_vignette.Rmd)
Error: processing vignette 'molaR_vignette.Rmd' failed with diagnostics:
cannot open the connection
--- failed re-building ‘molaR_vignette.Rmd’
SUMMARY: processing the following file failed:
‘molaR_vignette.Rmd’
Error: Vignette re-building failed.
Execution halted
Flavors: r-patched-solaris-x86, r-release-macos-x86_64, r-oldrel-macos-x86_64
Version: 4.5
Check: whether package can be installed
Result: WARN
Found the following significant warnings:
Warning: 'rgl.init' failed, running with 'rgl.useNULL = TRUE'.
Flavor: r-oldrel-macos-x86_64