Last updated on 2020-12-04 00:48:27 CET.
Flavor | Version | Tinstall | Tcheck | Ttotal | Status | Flags |
---|---|---|---|---|---|---|
r-devel-linux-x86_64-debian-clang | 0.1 | 1.78 | 26.00 | 27.78 | OK | |
r-devel-linux-x86_64-debian-gcc | 0.1 | 1.66 | 23.27 | 24.93 | OK | |
r-devel-linux-x86_64-fedora-clang | 0.1 | 39.47 | NOTE | |||
r-devel-linux-x86_64-fedora-gcc | 0.1 | 29.82 | NOTE | |||
r-devel-windows-ix86+x86_64 | 0.1 | 5.00 | 28.00 | 33.00 | OK | |
r-patched-linux-x86_64 | 0.1 | 1.98 | 24.48 | 26.46 | OK | |
r-patched-solaris-x86 | 0.1 | 49.40 | NOTE | |||
r-release-linux-x86_64 | 0.1 | 1.78 | 25.89 | 27.67 | OK | |
r-release-macos-x86_64 | 0.1 | NOTE | ||||
r-release-windows-ix86+x86_64 | 0.1 | 3.00 | 32.00 | 35.00 | OK | |
r-oldrel-macos-x86_64 | 0.1 | NOTE | ||||
r-oldrel-windows-ix86+x86_64 | 0.1 | 3.00 | 37.00 | 40.00 | OK |
Version: 0.1
Check: dependencies in R code
Result: NOTE
Namespace in Imports field not imported from: ‘methods’
All declared Imports should be used.
Flavors: r-devel-linux-x86_64-fedora-clang, r-devel-linux-x86_64-fedora-gcc, r-patched-solaris-x86, r-release-macos-x86_64, r-oldrel-macos-x86_64