CRAN Package Check Results for Package modeltime

Last updated on 2020-12-04 00:48:27 CET.

Flavor Version Tinstall Tcheck Ttotal Status Flags
r-devel-linux-x86_64-debian-clang 0.4.0 19.20 382.72 401.92 OK
r-devel-linux-x86_64-debian-gcc 0.4.0 13.85 277.74 291.59 OK
r-devel-linux-x86_64-fedora-clang 0.4.0 457.78 NOTE
r-devel-linux-x86_64-fedora-gcc 0.4.0 453.00 NOTE
r-devel-windows-ix86+x86_64 0.4.0 30.00 352.00 382.00 OK
r-patched-linux-x86_64 0.4.0 11.17 369.66 380.83 OK
r-patched-solaris-x86 0.4.0 620.90 NOTE
r-release-linux-x86_64 0.4.0 9.57 369.74 379.31 OK
r-release-macos-x86_64 0.4.0 NOTE
r-release-windows-ix86+x86_64 0.4.0 25.00 356.00 381.00 OK
r-oldrel-macos-x86_64 0.4.0 NOTE
r-oldrel-windows-ix86+x86_64 0.4.0 28.00 452.00 480.00 OK

Check Details

Version: 0.4.0
Check: package dependencies
Result: NOTE
    Imports includes 28 non-default packages.
    Importing from so many packages makes the package vulnerable to any of
    them becoming unavailable. Move as many as possible to Suggests and
    use conditionally.
Flavor: r-devel-linux-x86_64-fedora-clang

Version: 0.4.0
Check: dependencies in R code
Result: NOTE
    Namespace in Imports field not imported from: ‘slider’
     All declared Imports should be used.
Flavors: r-devel-linux-x86_64-fedora-clang, r-devel-linux-x86_64-fedora-gcc, r-patched-solaris-x86, r-release-macos-x86_64, r-oldrel-macos-x86_64