Last updated on 2020-12-04 00:48:27 CET.
Flavor | Version | Tinstall | Tcheck | Ttotal | Status | Flags |
---|---|---|---|---|---|---|
r-devel-linux-x86_64-debian-clang | 0.3.0 | 5.61 | 346.99 | 352.60 | OK | |
r-devel-linux-x86_64-debian-gcc | 0.3.0 | 5.36 | 186.23 | 191.59 | OK | |
r-devel-linux-x86_64-fedora-clang | 0.3.0 | 344.02 | OK | |||
r-devel-linux-x86_64-fedora-gcc | 0.3.0 | 417.41 | OK | |||
r-devel-windows-ix86+x86_64 | 0.3.0 | 19.00 | 289.00 | 308.00 | OK | |
r-patched-linux-x86_64 | 0.3.0 | 6.08 | 207.07 | 213.15 | OK | |
r-patched-solaris-x86 | 0.3.0 | 385.20 | OK | |||
r-release-linux-x86_64 | 0.3.0 | 5.47 | 276.34 | 281.81 | OK | |
r-release-macos-x86_64 | 0.3.0 | OK | ||||
r-release-windows-ix86+x86_64 | 0.3.0 | 16.00 | 223.00 | 239.00 | OK | |
r-oldrel-macos-x86_64 | 0.3.0 | ERROR | ||||
r-oldrel-windows-ix86+x86_64 | 0.3.0 | 15.00 | 292.00 | 307.00 | OK |
Version: 0.3.0
Check: dependencies in R code
Result: NOTE
Missing or unexported object: ‘rstanarm::posterior_epred’
Flavor: r-oldrel-macos-x86_64
Version: 0.3.0
Check: tests
Result: ERROR
Running ‘testthat.R’ [187s/187s]
Running the tests in ‘tests/testthat.R’ failed.
Last 13 lines of output:
Warning (test-estimate_means.R:34:7): estimate_means
Warning (test-estimate_response.R:3:5): estimate_response - Bayesian
Warning (test-estimate_response.R:3:5): estimate_response - Bayesian
Warning (test-estimate_response.R:7:5): estimate_response - Bayesian
Warning (test-estimate_response.R:7:5): estimate_response - Bayesian
Warning (test-estimate_response.R:7:5): estimate_response - Bayesian
Warning (test-estimate_response.R:11:5): estimate_response - Bayesian
Warning (test-estimate_response.R:11:5): estimate_response - Bayesian
Warning (test-estimate_response.R:15:5): estimate_response - Bayesian
Warning (test-estimate_response.R:15:5): estimate_response - Bayesian
ERROR (test-estimate_response.R:16:5): estimate_response - Bayesian
[ FAIL 1 | WARN 35 | SKIP 2 | PASS 122 ]
Error: Test failures
Execution halted
Flavor: r-oldrel-macos-x86_64