CRAN Package Check Results for Package modeLLtest

Last updated on 2020-12-04 00:48:27 CET.

Flavor Version Tinstall Tcheck Ttotal Status Flags
r-devel-linux-x86_64-debian-clang 1.0.3 86.20 103.29 189.49 OK
r-devel-linux-x86_64-debian-gcc 1.0.3 57.29 75.55 132.84 OK
r-devel-linux-x86_64-fedora-clang 1.0.3 255.95 NOTE
r-devel-linux-x86_64-fedora-gcc 1.0.3 236.71 NOTE
r-devel-windows-ix86+x86_64 1.0.3 204.00 152.00 356.00 OK
r-patched-linux-x86_64 1.0.3 71.28 97.05 168.33 OK
r-patched-solaris-x86 1.0.3 271.50 NOTE
r-release-linux-x86_64 1.0.3 66.66 96.32 162.98 OK
r-release-macos-x86_64 1.0.3 NOTE
r-release-windows-ix86+x86_64 1.0.3 159.00 151.00 310.00 OK
r-oldrel-macos-x86_64 1.0.3 NOTE
r-oldrel-windows-ix86+x86_64 1.0.3 158.00 168.00 326.00 OK

Check Details

Version: 1.0.3
Check: data for non-ASCII characters
Result: NOTE
     Note: found 18 marked Latin-1 strings
Flavors: r-devel-linux-x86_64-fedora-clang, r-devel-linux-x86_64-fedora-gcc, r-patched-solaris-x86, r-release-macos-x86_64, r-oldrel-macos-x86_64