CRAN Package Check Results for Package mobsim

Last updated on 2020-12-04 00:48:27 CET.

Flavor Version Tinstall Tcheck Ttotal Status Flags
r-devel-linux-x86_64-debian-clang 0.1.0 27.96 94.56 122.52 OK
r-devel-linux-x86_64-debian-gcc 0.1.0 19.14 74.68 93.82 OK
r-devel-linux-x86_64-fedora-clang 0.1.0 167.61 NOTE
r-devel-linux-x86_64-fedora-gcc 0.1.0 148.09 NOTE
r-devel-windows-ix86+x86_64 0.1.0 66.00 122.00 188.00 OK
r-patched-linux-x86_64 0.1.0 22.11 93.31 115.42 OK
r-patched-solaris-x86 0.1.0 212.90 NOTE
r-release-linux-x86_64 0.1.0 23.13 93.18 116.31 OK
r-release-macos-x86_64 0.1.0 NOTE
r-release-windows-ix86+x86_64 0.1.0 50.00 122.00 172.00 OK
r-oldrel-macos-x86_64 0.1.0 NOTE
r-oldrel-windows-ix86+x86_64 0.1.0 50.00 143.00 193.00 OK

Check Details

Version: 0.1.0
Check: dependencies in R code
Result: NOTE
    Namespace in Imports field not imported from: ‘sads’
     All declared Imports should be used.
Flavors: r-devel-linux-x86_64-fedora-clang, r-devel-linux-x86_64-fedora-gcc, r-patched-solaris-x86, r-release-macos-x86_64, r-oldrel-macos-x86_64