Last updated on 2020-12-04 00:48:27 CET.
Flavor | Version | Tinstall | Tcheck | Ttotal | Status | Flags |
---|---|---|---|---|---|---|
r-devel-linux-x86_64-debian-clang | 1.3 | 4.60 | 61.32 | 65.92 | OK | |
r-devel-linux-x86_64-debian-gcc | 1.3 | 3.67 | 44.56 | 48.23 | OK | |
r-devel-linux-x86_64-fedora-clang | 1.3 | 81.83 | NOTE | |||
r-devel-linux-x86_64-fedora-gcc | 1.3 | 72.44 | OK | |||
r-devel-windows-ix86+x86_64 | 1.3 | 10.00 | 60.00 | 70.00 | OK | |
r-patched-linux-x86_64 | 1.3 | 4.39 | 57.01 | 61.40 | OK | |
r-patched-solaris-x86 | 1.3 | 96.40 | OK | |||
r-release-linux-x86_64 | 1.3 | 4.43 | 55.94 | 60.37 | OK | |
r-release-macos-x86_64 | 1.3 | OK | ||||
r-release-windows-ix86+x86_64 | 1.3 | 7.00 | 86.00 | 93.00 | OK | |
r-oldrel-macos-x86_64 | 1.3 | OK | ||||
r-oldrel-windows-ix86+x86_64 | 1.3 | 6.00 | 74.00 | 80.00 | OK |
Version: 1.3
Check: Rd cross-references
Result: NOTE
Undeclared package ‘energy’ in Rd xrefs
Flavor: r-devel-linux-x86_64-fedora-clang