CRAN Package Check Results for Package mnlogit

Last updated on 2020-12-04 00:48:27 CET.

Flavor Version Tinstall Tcheck Ttotal Status Flags
r-devel-linux-x86_64-debian-clang 1.2.6 8.02 523.63 531.65 OK
r-devel-linux-x86_64-debian-gcc 1.2.6 5.89 396.09 401.98 OK
r-devel-linux-x86_64-fedora-clang 1.2.6 637.58 OK
r-devel-linux-x86_64-fedora-gcc 1.2.6 628.72 OK
r-devel-windows-ix86+x86_64 1.2.6 17.00 59.00 76.00 OK --no-vignettes
r-patched-linux-x86_64 1.2.6 7.29 507.11 514.40 OK
r-patched-solaris-x86 1.2.6 1949.00 WARN
r-release-linux-x86_64 1.2.6 7.23 511.96 519.19 OK
r-release-macos-x86_64 1.2.6 OK
r-release-windows-ix86+x86_64 1.2.6 13.00 93.00 106.00 OK --no-vignettes
r-oldrel-macos-x86_64 1.2.6 NOTE
r-oldrel-windows-ix86+x86_64 1.2.6 12.00 77.00 89.00 OK --no-vignettes

Check Details

Version: 1.2.6
Check: re-building of vignette outputs
Result: WARN
    Error(s) in re-building vignettes:
     ...
    --- re-building ‘mnlogit.Rnw’ using Sweave
    Package: mnlogit
    Version: 1.2.6
    Multinomial Logit Choice Models.
    Scientific Computing Group, Sentrana Inc.
    Loading required package: dfidx
    
    Attaching package: 'dfidx'
    
    The following object is masked from 'package:stats':
    
     filter
    
    
    Attaching package: 'mlogit'
    
    The following objects are masked from 'package:mnlogit':
    
     hmftest, index, scoretest
    
    Loading required package: stats4
    Loading required package: splines
    
    Attaching package: 'VGAM'
    
    The following objects are masked from 'package:mlogit':
    
     has.intercept, lrtest
    
    The following object is masked from 'package:mnlogit':
    
     lrtest
Flavor: r-patched-solaris-x86

Version: 1.2.6
Check: re-building of vignette outputs
Result: NOTE
    Error(s) in re-building vignettes:
    --- re-building ‘mnlogit.Rnw’ using Sweave
    Package: mnlogit
    Version: 1.2.6
    Multinomial Logit Choice Models.
    Scientific Computing Group, Sentrana Inc.
    Loading required package: Formula
    Loading required package: zoo
    
    Attaching package: 'zoo'
    
    The following object is masked from 'package:mnlogit':
    
     index
    
    The following objects are masked from 'package:base':
    
     as.Date, as.Date.numeric
    
    Loading required package: lmtest
    
    Attaching package: 'mlogit'
    
    The following objects are masked from 'package:mnlogit':
    
     hmftest, scoretest
Flavor: r-oldrel-macos-x86_64