Last updated on 2020-12-04 00:48:27 CET.
Flavor | Version | Tinstall | Tcheck | Ttotal | Status | Flags |
---|---|---|---|---|---|---|
r-devel-linux-x86_64-debian-clang | 2.0.1 | 31.10 | 37.75 | 68.85 | OK | |
r-devel-linux-x86_64-debian-gcc | 2.0.1 | 24.31 | 29.09 | 53.40 | OK | |
r-devel-linux-x86_64-fedora-clang | 2.0.1 | 93.56 | NOTE | |||
r-devel-linux-x86_64-fedora-gcc | 2.0.1 | 82.55 | OK | |||
r-devel-windows-ix86+x86_64 | 2.0.1 | 63.00 | 58.00 | 121.00 | OK | |
r-patched-linux-x86_64 | 2.0.1 | 29.82 | 33.99 | 63.81 | OK | |
r-patched-solaris-x86 | 2.0.1 | 156.60 | OK | |||
r-release-linux-x86_64 | 2.0.1 | 31.41 | 36.09 | 67.50 | OK | |
r-release-macos-x86_64 | 2.0.1 | NOTE | ||||
r-release-windows-ix86+x86_64 | 2.0.1 | 50.00 | 79.00 | 129.00 | OK | |
r-oldrel-macos-x86_64 | 2.0.1 | NOTE | ||||
r-oldrel-windows-ix86+x86_64 | 2.0.1 | 49.00 | 74.00 | 123.00 | OK |
Version: 2.0.1
Check: installed package size
Result: NOTE
installed size is 14.6Mb
sub-directories of 1Mb or more:
libs 14.5Mb
Flavors: r-devel-linux-x86_64-fedora-clang, r-release-macos-x86_64, r-oldrel-macos-x86_64