Last updated on 2020-12-04 00:48:27 CET.
Flavor | Version | Tinstall | Tcheck | Ttotal | Status | Flags |
---|---|---|---|---|---|---|
r-devel-linux-x86_64-debian-clang | 0.2.5 | 43.14 | 302.13 | 345.27 | NOTE | |
r-devel-linux-x86_64-debian-gcc | 0.2.5 | 35.54 | 219.11 | 254.65 | NOTE | |
r-devel-linux-x86_64-fedora-clang | 0.2.5 | 430.07 | NOTE | |||
r-devel-linux-x86_64-fedora-gcc | 0.2.5 | 409.94 | NOTE | |||
r-devel-windows-ix86+x86_64 | 0.2.5 | 91.00 | 379.00 | 470.00 | NOTE | |
r-patched-linux-x86_64 | 0.2.5 | 39.06 | 275.96 | 315.02 | NOTE | |
r-patched-solaris-x86 | 0.2.5 | 491.70 | NOTE | |||
r-release-linux-x86_64 | 0.2.5 | 39.44 | 276.82 | 316.26 | NOTE | |
r-release-macos-x86_64 | 0.2.5 | NOTE | ||||
r-release-windows-ix86+x86_64 | 0.2.5 | 64.00 | 395.00 | 459.00 | NOTE | |
r-oldrel-macos-x86_64 | 0.2.5 | NOTE | ||||
r-oldrel-windows-ix86+x86_64 | 0.2.5 | 68.00 | 487.00 | 555.00 | NOTE |
Version: 0.2.5
Check: package dependencies
Result: NOTE
Package suggested but not available for checking: 'mlr3extralearners'
Flavors: r-devel-linux-x86_64-debian-clang, r-devel-linux-x86_64-debian-gcc, r-devel-linux-x86_64-fedora-clang, r-devel-linux-x86_64-fedora-gcc, r-devel-windows-ix86+x86_64, r-patched-linux-x86_64, r-patched-solaris-x86, r-release-linux-x86_64, r-release-macos-x86_64, r-release-windows-ix86+x86_64, r-oldrel-macos-x86_64, r-oldrel-windows-ix86+x86_64