CRAN Package Check Results for Package mlr3cluster

Last updated on 2020-12-04 00:48:27 CET.

Flavor Version Tinstall Tcheck Ttotal Status Flags
r-devel-linux-x86_64-debian-clang 0.1.1 16.61 70.71 87.32 OK
r-devel-linux-x86_64-debian-gcc 0.1.1 15.48 52.21 67.69 OK
r-devel-linux-x86_64-fedora-clang 0.1.1 113.46 OK
r-devel-linux-x86_64-fedora-gcc 0.1.1 103.43 OK
r-devel-windows-ix86+x86_64 0.1.1 29.00 63.00 92.00 OK
r-patched-linux-x86_64 0.1.1 16.56 64.58 81.14 OK
r-patched-solaris-x86 0.1.1 146.00 NOTE
r-release-linux-x86_64 0.1.1 17.40 65.94 83.34 OK
r-release-macos-x86_64 0.1.1 OK
r-release-windows-ix86+x86_64 0.1.1 23.00 67.00 90.00 OK
r-oldrel-macos-x86_64 0.1.1 OK
r-oldrel-windows-ix86+x86_64 0.1.1 22.00 85.00 107.00 OK

Check Details

Version: 0.1.1
Check: package dependencies
Result: NOTE
    Package suggested but not available for checking: ‘RWeka’
Flavor: r-patched-solaris-x86