CRAN Package Check Results for Package mlr3benchmark

Last updated on 2020-12-04 00:48:27 CET.

Flavor Version Tinstall Tcheck Ttotal Status Flags
r-devel-linux-x86_64-debian-clang 0.1.0 5.48 69.34 74.82 OK
r-devel-linux-x86_64-debian-gcc 0.1.0 5.02 56.17 61.19 OK
r-devel-linux-x86_64-fedora-clang 0.1.0 89.67 NOTE
r-devel-linux-x86_64-fedora-gcc 0.1.0 79.63 OK
r-devel-windows-ix86+x86_64 0.1.0 14.00 60.00 74.00 OK
r-patched-linux-x86_64 0.1.0 5.67 58.24 63.91 OK
r-patched-solaris-x86 0.1.0 90.20 OK
r-release-linux-x86_64 0.1.0 7.44 55.05 62.49 OK
r-release-macos-x86_64 0.1.0 OK
r-release-windows-ix86+x86_64 0.1.0 11.00 53.00 64.00 OK
r-oldrel-macos-x86_64 0.1.0 OK
r-oldrel-windows-ix86+x86_64 0.1.0 11.00 69.00 80.00 OK

Check Details

Version: 0.1.0
Check: Rd cross-references
Result: NOTE
    Undeclared package ‘magick’ in Rd xrefs
Flavor: r-devel-linux-x86_64-fedora-clang