CRAN Package Check Results for Package mlergm

Last updated on 2020-12-04 00:48:27 CET.

Flavor Version Tinstall Tcheck Ttotal Status Flags
r-devel-linux-x86_64-debian-clang 0.7 15.13 118.06 133.19 OK
r-devel-linux-x86_64-debian-gcc 0.7 11.72 89.87 101.59 OK
r-devel-linux-x86_64-fedora-clang 0.7 160.67 OK
r-devel-linux-x86_64-fedora-gcc 0.7 162.56 OK
r-devel-windows-ix86+x86_64 0.7 30.00 110.00 140.00 OK
r-patched-linux-x86_64 0.7 15.70 108.76 124.46 OK
r-patched-solaris-x86 0.7 213.00 OK
r-release-linux-x86_64 0.7 14.08 109.46 123.54 OK
r-release-macos-x86_64 0.7 OK
r-release-windows-ix86+x86_64 0.7 23.00 101.00 124.00 OK
r-oldrel-macos-x86_64 0.7 ERROR
r-oldrel-windows-ix86+x86_64 0.5 36.00 150.00 186.00 OK

Check Details

Version: 0.7
Check: whether package can be installed
Result: ERROR
    Installation failed.
Flavor: r-oldrel-macos-x86_64