CRAN Package Check Results for Package mixexp

Last updated on 2020-12-04 00:48:27 CET.

Flavor Version Tinstall Tcheck Ttotal Status Flags
r-devel-linux-x86_64-debian-clang 1.2.5 10.03 65.09 75.12 OK
r-devel-linux-x86_64-debian-gcc 1.2.5 7.91 52.49 60.40 OK
r-devel-linux-x86_64-fedora-clang 1.2.5 97.11 NOTE
r-devel-linux-x86_64-fedora-gcc 1.2.5 87.33 NOTE
r-devel-windows-ix86+x86_64 1.2.5 21.00 79.00 100.00 OK
r-patched-linux-x86_64 1.2.5 10.36 62.58 72.94 OK
r-patched-solaris-x86 1.2.5 118.60 OK
r-release-linux-x86_64 1.2.5 11.39 62.92 74.31 OK
r-release-macos-x86_64 1.2.5 OK
r-release-windows-ix86+x86_64 1.2.5 15.00 109.00 124.00 OK
r-oldrel-macos-x86_64 1.2.5 OK
r-oldrel-windows-ix86+x86_64 1.2.5 17.00 95.00 112.00 OK

Check Details

Version: 1.2.5
Check: compiled code
Result: NOTE
    File ‘mixexp/libs/mixexp.so’:
     Found no calls to: ‘R_registerRoutines’, ‘R_useDynamicSymbols’
    
    It is good practice to register native routines and to disable symbol
    search.
    
    See ‘Writing portable packages’ in the ‘Writing R Extensions’ manual.
Flavors: r-devel-linux-x86_64-fedora-clang, r-devel-linux-x86_64-fedora-gcc