Last updated on 2020-12-04 00:48:27 CET.
Flavor | Version | Tinstall | Tcheck | Ttotal | Status | Flags |
---|---|---|---|---|---|---|
r-devel-linux-x86_64-debian-clang | 0.1-1 | 10.51 | 177.62 | 188.13 | OK | |
r-devel-linux-x86_64-debian-gcc | 0.1-1 | 8.82 | 132.64 | 141.46 | OK | |
r-devel-linux-x86_64-fedora-clang | 0.1-1 | 222.81 | OK | |||
r-devel-linux-x86_64-fedora-gcc | 0.1-1 | 215.98 | OK | |||
r-devel-windows-ix86+x86_64 | 0.1-1 | 20.00 | 166.00 | 186.00 | OK | |
r-patched-linux-x86_64 | 0.1-1 | 10.93 | 165.09 | 176.02 | OK | |
r-patched-solaris-x86 | 0.1-1 | 283.70 | OK | |||
r-release-linux-x86_64 | 0.1-1 | 9.82 | 165.28 | 175.10 | OK | |
r-release-macos-x86_64 | 0.1-1 | OK | ||||
r-release-windows-ix86+x86_64 | 0.1-1 | 18.00 | 239.00 | 257.00 | OK | |
r-oldrel-macos-x86_64 | 0.1-1 | WARN | ||||
r-oldrel-windows-ix86+x86_64 | 0.1-1 | 15.00 | 219.00 | 234.00 | WARN |
Version: 0.1-1
Check: Rd cross-references
Result: WARN
Missing link or links in documentation object 'nonparamHankel.Rd':
‘[base]{plot}’
See section 'Cross-references' in the 'Writing R Extensions' manual.
Flavors: r-oldrel-macos-x86_64, r-oldrel-windows-ix86+x86_64