Last updated on 2020-12-04 00:48:27 CET.
Flavor | Version | Tinstall | Tcheck | Ttotal | Status | Flags |
---|---|---|---|---|---|---|
r-devel-linux-x86_64-debian-clang | 1.0-5 | 3.93 | 58.59 | 62.52 | OK | |
r-devel-linux-x86_64-debian-gcc | 1.0-5 | 3.20 | 46.69 | 49.89 | OK | |
r-devel-linux-x86_64-fedora-clang | 1.0-5 | 77.74 | NOTE | |||
r-devel-linux-x86_64-fedora-gcc | 1.0-5 | 69.04 | NOTE | |||
r-devel-windows-ix86+x86_64 | 1.0-5 | 7.00 | 70.00 | 77.00 | OK | |
r-patched-linux-x86_64 | 1.0-5 | 3.94 | 56.94 | 60.88 | OK | |
r-patched-solaris-x86 | 1.0-5 | 106.10 | NOTE | |||
r-release-linux-x86_64 | 1.0-5 | 3.88 | 56.07 | 59.95 | OK | |
r-release-macos-x86_64 | 1.0-5 | NOTE | ||||
r-release-windows-ix86+x86_64 | 1.0-5 | 7.00 | 65.00 | 72.00 | OK | |
r-oldrel-macos-x86_64 | 1.0-5 | NOTE | ||||
r-oldrel-windows-ix86+x86_64 | 1.0-5 | 5.00 | 89.00 | 94.00 | OK |
Version: 1.0-5
Check: dependencies in R code
Result: NOTE
Namespace in Imports field not imported from: ‘grDevices’
All declared Imports should be used.
Flavors: r-devel-linux-x86_64-fedora-clang, r-devel-linux-x86_64-fedora-gcc, r-patched-solaris-x86, r-release-macos-x86_64, r-oldrel-macos-x86_64