Last updated on 2020-12-04 00:48:27 CET.
Flavor | Version | Tinstall | Tcheck | Ttotal | Status | Flags |
---|---|---|---|---|---|---|
r-devel-linux-x86_64-debian-clang | 1.4.1 | 25.84 | 322.58 | 348.42 | OK | |
r-devel-linux-x86_64-debian-gcc | 1.4.1 | 20.10 | 238.72 | 258.82 | OK | |
r-devel-linux-x86_64-fedora-clang | 1.4.1 | 401.48 | NOTE | |||
r-devel-linux-x86_64-fedora-gcc | 1.4.1 | 403.54 | NOTE | |||
r-devel-windows-ix86+x86_64 | 1.4.1 | 40.00 | 277.00 | 317.00 | OK | |
r-patched-linux-x86_64 | 1.4.1 | 15.88 | 302.91 | 318.79 | OK | |
r-patched-solaris-x86 | 1.4.1 | 564.30 | NOTE | |||
r-release-linux-x86_64 | 1.4.1 | 15.14 | 303.77 | 318.91 | OK | |
r-release-macos-x86_64 | 1.4.1 | NOTE | ||||
r-release-windows-ix86+x86_64 | 1.4.1 | 28.00 | 271.00 | 299.00 | OK | |
r-oldrel-macos-x86_64 | 1.4.1 | NOTE | ||||
r-oldrel-windows-ix86+x86_64 | 1.4.1 | 38.00 | 386.00 | 424.00 | OK |
Version: 1.4.1
Check: dependencies in R code
Result: NOTE
Namespace in Imports field not imported from: ‘mcmcr’
All declared Imports should be used.
Flavors: r-devel-linux-x86_64-fedora-clang, r-devel-linux-x86_64-fedora-gcc, r-patched-solaris-x86, r-release-macos-x86_64, r-oldrel-macos-x86_64