Last updated on 2020-12-04 00:48:27 CET.
Flavor | Version | Tinstall | Tcheck | Ttotal | Status | Flags |
---|---|---|---|---|---|---|
r-devel-linux-x86_64-debian-clang | 1.33.2 | 149.08 | 213.82 | 362.90 | OK | |
r-devel-linux-x86_64-debian-gcc | 1.33.2 | 109.60 | 159.85 | 269.45 | OK | |
r-devel-linux-x86_64-fedora-clang | 1.33.2 | 488.08 | NOTE | |||
r-devel-linux-x86_64-fedora-gcc | 1.33.2 | 445.81 | OK | |||
r-devel-windows-ix86+x86_64 | 1.33.2 | 299.00 | 245.00 | 544.00 | NOTE | |
r-patched-linux-x86_64 | 1.33.2 | 124.36 | 197.78 | 322.14 | OK | |
r-patched-solaris-x86 | 1.33.2 | 460.30 | OK | |||
r-release-linux-x86_64 | 1.33.2 | 126.09 | 201.11 | 327.20 | OK | |
r-release-macos-x86_64 | 1.33.2 | NOTE | ||||
r-release-windows-ix86+x86_64 | 1.33.2 | 216.00 | 242.00 | 458.00 | NOTE | |
r-oldrel-macos-x86_64 | 1.33.2 | NOTE | ||||
r-oldrel-windows-ix86+x86_64 | 1.33.2 | 215.00 | 296.00 | 511.00 | OK |
Version: 1.33.2
Check: installed package size
Result: NOTE
installed size is 9.8Mb
sub-directories of 1Mb or more:
R 1.4Mb
libs 7.8Mb
Flavors: r-devel-linux-x86_64-fedora-clang, r-devel-windows-ix86+x86_64, r-release-macos-x86_64, r-release-windows-ix86+x86_64, r-oldrel-macos-x86_64