CRAN Package Check Results for Package minidown

Last updated on 2020-12-04 00:48:27 CET.

Flavor Version Tinstall Tcheck Ttotal Status Flags
r-devel-linux-x86_64-debian-clang 0.0.2 2.56 25.55 28.11 OK
r-devel-linux-x86_64-debian-gcc 0.0.2 2.35 19.97 22.32 OK
r-devel-linux-x86_64-fedora-clang 0.0.2 37.16 NOTE
r-devel-linux-x86_64-fedora-gcc 0.0.2 27.40 NOTE
r-devel-windows-ix86+x86_64 0.0.2 5.00 27.00 32.00 OK
r-patched-linux-x86_64 0.0.2 2.82 22.80 25.62 OK
r-patched-solaris-x86 0.0.2 43.90 NOTE
r-release-linux-x86_64 0.0.2 2.85 24.43 27.28 OK
r-release-macos-x86_64 0.0.2 NOTE
r-release-windows-ix86+x86_64 0.0.2 4.00 30.00 34.00 OK
r-oldrel-macos-x86_64 0.0.2 NOTE
r-oldrel-windows-ix86+x86_64 0.0.2 3.00 35.00 38.00 OK

Check Details

Version: 0.0.2
Check: dependencies in R code
Result: NOTE
    Namespace in Imports field not imported from: ‘xfun’
     All declared Imports should be used.
Flavors: r-devel-linux-x86_64-fedora-clang, r-devel-linux-x86_64-fedora-gcc, r-patched-solaris-x86, r-release-macos-x86_64, r-oldrel-macos-x86_64