CRAN Package Check Results for Package mindicador

Last updated on 2020-12-04 00:48:27 CET.

Flavor Version Tinstall Tcheck Ttotal Status Flags
r-devel-linux-x86_64-debian-clang 0.1.5 3.37 39.73 43.10 OK
r-devel-linux-x86_64-debian-gcc 0.1.5 2.94 32.60 35.54 OK
r-devel-linux-x86_64-fedora-clang 0.1.5 57.02 NOTE
r-devel-linux-x86_64-fedora-gcc 0.1.5 47.74 NOTE
r-devel-windows-ix86+x86_64 0.1.5 7.00 57.00 64.00 OK
r-patched-linux-x86_64 0.1.5 3.59 39.71 43.30 OK
r-patched-solaris-x86 0.1.5 75.00 NOTE
r-release-linux-x86_64 0.1.5 3.81 39.04 42.85 OK
r-release-macos-x86_64 0.1.5 NOTE
r-release-windows-ix86+x86_64 0.1.5 7.00 58.00 65.00 OK
r-oldrel-macos-x86_64 0.1.5 NOTE
r-oldrel-windows-ix86+x86_64 0.1.5 5.00 63.00 68.00 OK

Check Details

Version: 0.1.5
Check: data for non-ASCII characters
Result: NOTE
     Note: found 5 marked UTF-8 strings
Flavors: r-devel-linux-x86_64-fedora-clang, r-devel-linux-x86_64-fedora-gcc, r-patched-solaris-x86, r-release-macos-x86_64, r-oldrel-macos-x86_64