CRAN Package Check Results for Package microeco

Last updated on 2020-12-04 00:48:27 CET.

Flavor Version Tinstall Tcheck Ttotal Status Flags
r-devel-linux-x86_64-debian-clang 0.3.1 23.57 127.35 150.92 OK
r-devel-linux-x86_64-debian-gcc 0.3.1 20.52 100.48 121.00 OK
r-devel-linux-x86_64-fedora-clang 0.3.1 195.08 OK
r-devel-linux-x86_64-fedora-gcc 0.3.1 187.39 OK
r-devel-windows-ix86+x86_64 0.3.1 43.00 110.00 153.00 OK
r-patched-linux-x86_64 0.3.1 21.25 120.94 142.19 OK
r-patched-solaris-x86 0.3.1 253.60 OK
r-release-linux-x86_64 0.3.1 21.86 120.11 141.97 OK
r-release-macos-x86_64 0.3.1 NOTE
r-release-windows-ix86+x86_64 0.3.1 34.00 116.00 150.00 OK
r-oldrel-macos-x86_64 0.3.1 OK
r-oldrel-windows-ix86+x86_64 0.3.1 29.00 125.00 154.00 OK

Check Details

Version: 0.3.1
Check: package dependencies
Result: NOTE
    Package suggested but not available for checking: ‘ggtree’
Flavor: r-release-macos-x86_64