Last updated on 2020-12-04 00:48:27 CET.
Flavor | Version | Tinstall | Tcheck | Ttotal | Status | Flags |
---|---|---|---|---|---|---|
r-devel-linux-x86_64-debian-clang | 0.6-14 | 7.10 | 71.07 | 78.17 | OK | |
r-devel-linux-x86_64-debian-gcc | 0.6-14 | 5.20 | 53.34 | 58.54 | OK | |
r-devel-linux-x86_64-fedora-clang | 0.6-14 | 95.75 | NOTE | |||
r-devel-linux-x86_64-fedora-gcc | 0.6-14 | 87.64 | OK | |||
r-devel-windows-ix86+x86_64 | 0.6-14 | 13.00 | 72.00 | 85.00 | OK | |
r-patched-linux-x86_64 | 0.6-14 | 6.56 | 68.85 | 75.41 | OK | |
r-patched-solaris-x86 | 0.6-14 | 120.00 | OK | |||
r-release-linux-x86_64 | 0.6-14 | 6.73 | 67.03 | 73.76 | OK | |
r-release-macos-x86_64 | 0.6-14 | OK | ||||
r-release-windows-ix86+x86_64 | 0.6-14 | 10.00 | 101.00 | 111.00 | OK | |
r-oldrel-macos-x86_64 | 0.6-14 | OK | ||||
r-oldrel-windows-ix86+x86_64 | 0.6-14 | 10.00 | 92.00 | 102.00 | OK |
Version: 0.6-14
Check: Rd cross-references
Result: NOTE
Undeclared packages ‘micEconAids’, ‘micEconSNQP’ in Rd xrefs
Flavor: r-devel-linux-x86_64-fedora-clang