Last updated on 2020-12-04 00:48:27 CET.
Flavor | Version | Tinstall | Tcheck | Ttotal | Status | Flags |
---|---|---|---|---|---|---|
r-devel-linux-x86_64-debian-clang | 0.4.16 | 5.05 | 54.03 | 59.08 | OK | |
r-devel-linux-x86_64-debian-gcc | 0.4.16 | 4.41 | 42.80 | 47.21 | OK | |
r-devel-linux-x86_64-fedora-clang | 0.4.16 | 76.47 | NOTE | |||
r-devel-linux-x86_64-fedora-gcc | 0.4.16 | 65.36 | NOTE | |||
r-devel-windows-ix86+x86_64 | 0.4.16 | 12.00 | 64.00 | 76.00 | OK | |
r-patched-linux-x86_64 | 0.4.16 | 4.87 | 49.98 | 54.85 | OK | |
r-patched-solaris-x86 | 0.4.16 | 91.10 | OK | |||
r-release-linux-x86_64 | 0.4.16 | 4.98 | 50.92 | 55.90 | OK | |
r-release-macos-x86_64 | 0.4.16 | OK | ||||
r-release-windows-ix86+x86_64 | 0.4.16 | 9.00 | 63.00 | 72.00 | OK | |
r-oldrel-macos-x86_64 | 0.4.16 | OK | ||||
r-oldrel-windows-ix86+x86_64 | 0.4.16 | 15.00 | 80.00 | 95.00 | OK |
Version: 0.4.16
Check: compiled code
Result: NOTE
File ‘mhsmm/libs/mhsmm.so’:
Found no calls to: ‘R_registerRoutines’, ‘R_useDynamicSymbols’
It is good practice to register native routines and to disable symbol
search.
See ‘Writing portable packages’ in the ‘Writing R Extensions’ manual.
Flavors: r-devel-linux-x86_64-fedora-clang, r-devel-linux-x86_64-fedora-gcc