Last updated on 2020-12-04 00:48:26 CET.
Flavor | Version | Tinstall | Tcheck | Ttotal | Status | Flags |
---|---|---|---|---|---|---|
r-devel-linux-x86_64-debian-clang | 0.3.4 | 31.52 | 126.43 | 157.95 | OK | |
r-devel-linux-x86_64-debian-gcc | 0.3.4 | 20.25 | 96.15 | 116.40 | OK | |
r-devel-linux-x86_64-fedora-clang | 0.3.4 | 200.89 | NOTE | |||
r-devel-linux-x86_64-fedora-gcc | 0.3.4 | 182.58 | NOTE | |||
r-devel-windows-ix86+x86_64 | 0.3.4 | 64.00 | 183.00 | 247.00 | OK | |
r-patched-linux-x86_64 | 0.3.4 | 26.87 | 122.46 | 149.33 | OK | |
r-patched-solaris-x86 | 0.3.4 | 224.00 | NOTE | |||
r-release-linux-x86_64 | 0.3.4 | 25.27 | 123.73 | 149.00 | OK | |
r-release-macos-x86_64 | 0.3.4 | NOTE | ||||
r-release-windows-ix86+x86_64 | 0.3.4 | 50.00 | 176.00 | 226.00 | OK | |
r-oldrel-macos-x86_64 | 0.3.4 | NOTE | ||||
r-oldrel-windows-ix86+x86_64 | 0.3.4 | 57.00 | 230.00 | 287.00 | OK |
Version: 0.3.4
Check: package dependencies
Result: NOTE
Imports includes 30 non-default packages.
Importing from so many packages makes the package vulnerable to any of
them becoming unavailable. Move as many as possible to Suggests and
use conditionally.
Flavor: r-devel-linux-x86_64-fedora-clang
Version: 0.3.4
Check: dependencies in R code
Result: NOTE
Namespaces in Imports field not imported from:
‘ggrepel’ ‘reshape’ ‘svglite’
All declared Imports should be used.
Flavors: r-devel-linux-x86_64-fedora-clang, r-devel-linux-x86_64-fedora-gcc, r-patched-solaris-x86, r-release-macos-x86_64, r-oldrel-macos-x86_64