Last updated on 2020-12-04 00:48:26 CET.
Flavor | Version | Tinstall | Tcheck | Ttotal | Status | Flags |
---|---|---|---|---|---|---|
r-devel-linux-x86_64-debian-clang | 2.0.8 | 12.03 | 82.72 | 94.75 | NOTE | |
r-devel-linux-x86_64-debian-gcc | 2.0.8 | 10.67 | 63.40 | 74.07 | NOTE | |
r-devel-linux-x86_64-fedora-clang | 2.0.8 | 123.12 | OK | |||
r-devel-linux-x86_64-fedora-gcc | 2.0.8 | 114.26 | OK | |||
r-devel-windows-ix86+x86_64 | 2.0.8 | 24.00 | 79.00 | 103.00 | OK | |
r-patched-linux-x86_64 | 2.0.8 | 13.24 | 76.46 | 89.70 | NOTE | |
r-patched-solaris-x86 | 2.0.8 | 144.80 | NOTE | |||
r-release-linux-x86_64 | 2.0.8 | 12.95 | 76.07 | 89.02 | NOTE | |
r-release-macos-x86_64 | 2.0.8 | NOTE | ||||
r-release-windows-ix86+x86_64 | 2.0.8 | 18.00 | 110.00 | 128.00 | OK | |
r-oldrel-macos-x86_64 | 2.0.8 | NOTE | ||||
r-oldrel-windows-ix86+x86_64 | 2.0.8 | 18.00 | 93.00 | 111.00 | OK |
Version: 2.0.8
Check: package dependencies
Result: NOTE
Package suggested but not available for checking: 'INLA'
Flavors: r-devel-linux-x86_64-debian-clang, r-devel-linux-x86_64-debian-gcc, r-patched-linux-x86_64, r-patched-solaris-x86, r-release-linux-x86_64, r-release-macos-x86_64, r-oldrel-macos-x86_64