Last updated on 2020-12-04 00:48:26 CET.
Flavor | Version | Tinstall | Tcheck | Ttotal | Status | Flags |
---|---|---|---|---|---|---|
r-devel-linux-x86_64-debian-clang | 0.99.27.3 | 32.90 | 171.29 | 204.19 | OK | |
r-devel-linux-x86_64-debian-gcc | 0.99.27.3 | 26.31 | 127.22 | 153.53 | OK | |
r-devel-linux-x86_64-fedora-clang | 0.99.27.3 | 251.58 | NOTE | |||
r-devel-linux-x86_64-fedora-gcc | 0.99.27.3 | 246.69 | OK | |||
r-devel-windows-ix86+x86_64 | 0.99.27.3 | 67.00 | 181.00 | 248.00 | NOTE | |
r-patched-linux-x86_64 | 0.99.27.3 | 31.96 | 157.94 | 189.90 | OK | |
r-patched-solaris-x86 | 0.99.27.3 | 284.80 | NOTE | |||
r-release-linux-x86_64 | 0.99.27.3 | 32.09 | 158.97 | 191.06 | OK | |
r-release-macos-x86_64 | 0.99.27.3 | NOTE | ||||
r-release-windows-ix86+x86_64 | 0.99.27.3 | 55.00 | 262.00 | 317.00 | NOTE | |
r-oldrel-macos-x86_64 | 0.99.27.3 | NOTE | ||||
r-oldrel-windows-ix86+x86_64 | 0.99.27.3 | 55.00 | 200.00 | 255.00 | NOTE |
Version: 0.99.27.3
Check: installed package size
Result: NOTE
installed size is 5.4Mb
sub-directories of 1Mb or more:
R 1.3Mb
doc 3.1Mb
Flavors: r-devel-linux-x86_64-fedora-clang, r-devel-windows-ix86+x86_64, r-patched-solaris-x86, r-release-macos-x86_64, r-release-windows-ix86+x86_64, r-oldrel-macos-x86_64, r-oldrel-windows-ix86+x86_64