CRAN Package Check Results for Package memgene

Last updated on 2020-12-04 00:48:26 CET.

Flavor Version Tinstall Tcheck Ttotal Status Flags
r-devel-linux-x86_64-debian-clang 1.0.1 15.53 150.81 166.34 NOTE
r-devel-linux-x86_64-debian-gcc 1.0.1 14.89 116.34 131.23 NOTE
r-devel-linux-x86_64-fedora-clang 1.0.1 211.22 NOTE
r-devel-linux-x86_64-fedora-gcc 1.0.1 201.96 NOTE
r-devel-windows-ix86+x86_64 1.0.1 34.00 135.00 169.00 NOTE
r-patched-linux-x86_64 1.0.1 17.75 144.41 162.16 NOTE
r-patched-solaris-x86 1.0.1 294.00 NOTE
r-release-linux-x86_64 1.0.1 14.45 143.39 157.84 NOTE
r-release-macos-x86_64 1.0.1 NOTE
r-release-windows-ix86+x86_64 1.0.1 27.00 128.00 155.00 NOTE
r-oldrel-macos-x86_64 1.0.1 NOTE
r-oldrel-windows-ix86+x86_64 1.0.1 27.00 165.00 192.00 NOTE

Check Details

Version: 1.0.1
Check: dependencies in R code
Result: NOTE
    'library' or 'require' calls in package code:
     'adegenet' 'geosphere'
     Please use :: or requireNamespace() instead.
     See section 'Suggested packages' in the 'Writing R Extensions' manual.
Flavors: r-devel-linux-x86_64-debian-clang, r-devel-linux-x86_64-debian-gcc, r-devel-linux-x86_64-fedora-clang, r-devel-linux-x86_64-fedora-gcc, r-devel-windows-ix86+x86_64, r-patched-linux-x86_64, r-patched-solaris-x86, r-release-linux-x86_64, r-release-macos-x86_64, r-release-windows-ix86+x86_64, r-oldrel-macos-x86_64, r-oldrel-windows-ix86+x86_64

Version: 1.0.1
Check: R code for possible problems
Result: NOTE
    codomToPropShared: no visible global function definition for
     'df2genind'
    codomToPropShared: no visible global function definition for
     'propShared'
    mgLandscape: no visible global function definition for 'SpatialPoints'
    mgQuick: no visible global function definition for 'distm'
    mgQuick: no visible binding for global variable 'distMeeus'
    Undefined global functions or variables:
     SpatialPoints df2genind distMeeus distm propShared
Flavors: r-devel-linux-x86_64-debian-clang, r-devel-linux-x86_64-debian-gcc, r-devel-linux-x86_64-fedora-clang, r-devel-linux-x86_64-fedora-gcc, r-devel-windows-ix86+x86_64, r-patched-linux-x86_64, r-patched-solaris-x86, r-release-linux-x86_64, r-release-macos-x86_64, r-release-windows-ix86+x86_64, r-oldrel-macos-x86_64, r-oldrel-windows-ix86+x86_64