Last updated on 2020-12-04 00:48:26 CET.
Flavor | Version | Tinstall | Tcheck | Ttotal | Status | Flags |
---|---|---|---|---|---|---|
r-devel-linux-x86_64-debian-clang | 2.14 | 4.67 | 32.24 | 36.91 | OK | |
r-devel-linux-x86_64-debian-gcc | 2.14 | 3.10 | 29.07 | 32.17 | OK | |
r-devel-linux-x86_64-fedora-clang | 2.14 | 51.00 | NOTE | |||
r-devel-linux-x86_64-fedora-gcc | 2.14 | 40.45 | NOTE | |||
r-devel-windows-ix86+x86_64 | 2.14 | 10.00 | 40.00 | 50.00 | OK | |
r-patched-linux-x86_64 | 2.14 | 2.93 | 31.32 | 34.25 | OK | |
r-patched-solaris-x86 | 2.14 | 65.70 | NOTE | |||
r-release-linux-x86_64 | 2.14 | 3.20 | 32.77 | 35.97 | OK | |
r-release-macos-x86_64 | 2.14 | NOTE | ||||
r-release-windows-ix86+x86_64 | 2.14 | 7.00 | 43.00 | 50.00 | OK | |
r-oldrel-macos-x86_64 | 2.14 | NOTE | ||||
r-oldrel-windows-ix86+x86_64 | 2.14 | 12.00 | 40.00 | 52.00 | OK |
Version: 2.14
Check: package dependencies
Result: NOTE
Imports includes 21 non-default packages.
Importing from so many packages makes the package vulnerable to any of
them becoming unavailable. Move as many as possible to Suggests and
use conditionally.
Flavor: r-devel-linux-x86_64-fedora-clang
Version: 2.14
Check: dependencies in R code
Result: NOTE
Namespaces in Imports field not imported from:
‘DT’ ‘RColorBrewer’ ‘RODBC’ ‘dplyr’ ‘foreign’ ‘formattable’ ‘ggplot2’
‘haven’ ‘mem’ ‘openxlsx’ ‘plotly’ ‘readxl’ ‘shinyBS’ ‘shinyWidgets’
‘shinydashboard’ ‘shinyjs’ ‘shinythemes’ ‘stringi’ ‘stringr’ ‘tidyr’
All declared Imports should be used.
Flavors: r-devel-linux-x86_64-fedora-clang, r-devel-linux-x86_64-fedora-gcc, r-patched-solaris-x86, r-release-macos-x86_64, r-oldrel-macos-x86_64