Last updated on 2020-12-04 00:48:26 CET.
Flavor | Version | Tinstall | Tcheck | Ttotal | Status | Flags |
---|---|---|---|---|---|---|
r-devel-linux-x86_64-debian-clang | 0.2.3 | 14.39 | 73.98 | 88.37 | OK | |
r-devel-linux-x86_64-debian-gcc | 0.2.3 | 13.88 | 62.18 | 76.06 | OK | |
r-devel-linux-x86_64-fedora-clang | 0.2.3 | 121.76 | NOTE | |||
r-devel-linux-x86_64-fedora-gcc | 0.2.3 | 107.91 | NOTE | |||
r-devel-windows-ix86+x86_64 | 0.2.3 | 29.00 | 81.00 | 110.00 | NOTE | |
r-patched-linux-x86_64 | 0.2.3 | 17.15 | 73.63 | 90.78 | OK | |
r-patched-solaris-x86 | 0.2.3 | 171.60 | NOTE | |||
r-release-linux-x86_64 | 0.2.3 | 15.77 | 73.08 | 88.85 | OK | |
r-release-macos-x86_64 | 0.2.3 | NOTE | ||||
r-release-windows-ix86+x86_64 | 0.2.3 | 25.00 | 78.00 | 103.00 | NOTE | |
r-oldrel-macos-x86_64 | 0.2.3 | NOTE | ||||
r-oldrel-windows-ix86+x86_64 | 0.2.3 | 28.00 | 78.00 | 106.00 | NOTE |
Version: 0.2.3
Check: installed package size
Result: NOTE
installed size is 6.4Mb
sub-directories of 1Mb or more:
data 6.2Mb
Flavors: r-devel-linux-x86_64-fedora-clang, r-devel-windows-ix86+x86_64, r-patched-solaris-x86, r-release-macos-x86_64, r-release-windows-ix86+x86_64, r-oldrel-macos-x86_64, r-oldrel-windows-ix86+x86_64
Version: 0.2.3
Check: data for non-ASCII characters
Result: NOTE
Note: found 2866 marked UTF-8 strings
Flavors: r-devel-linux-x86_64-fedora-clang, r-devel-linux-x86_64-fedora-gcc, r-patched-solaris-x86, r-release-macos-x86_64, r-oldrel-macos-x86_64