Last updated on 2020-12-04 00:48:26 CET.
Flavor | Version | Tinstall | Tcheck | Ttotal | Status | Flags |
---|---|---|---|---|---|---|
r-devel-linux-x86_64-debian-clang | 0.0.2 | 3.57 | 36.70 | 40.27 | OK | |
r-devel-linux-x86_64-debian-gcc | 0.0.2 | 3.12 | 27.01 | 30.13 | OK | |
r-devel-linux-x86_64-fedora-clang | 0.0.2 | 52.92 | NOTE | |||
r-devel-linux-x86_64-fedora-gcc | 0.0.2 | 40.82 | NOTE | |||
r-devel-windows-ix86+x86_64 | 0.0.2 | 8.00 | 40.00 | 48.00 | OK | |
r-patched-linux-x86_64 | 0.0.2 | 3.71 | 34.45 | 38.16 | OK | |
r-patched-solaris-x86 | 0.0.2 | 66.40 | NOTE | |||
r-release-linux-x86_64 | 0.0.2 | 3.65 | 33.54 | 37.19 | OK | |
r-release-macos-x86_64 | 0.0.2 | NOTE | ||||
r-release-windows-ix86+x86_64 | 0.0.2 | 10.00 | 36.00 | 46.00 | OK | |
r-oldrel-macos-x86_64 | 0.0.2 | NOTE | ||||
r-oldrel-windows-ix86+x86_64 | 0.0.2 | 11.00 | 56.00 | 67.00 | OK |
Version: 0.0.2
Check: dependencies in R code
Result: NOTE
Namespaces in Imports field not imported from:
‘FactoMineR’ ‘covr’ ‘curl’ ‘devtools’ ‘gh’ ‘git2r’ ‘grDevices’ ‘httr’
‘knitr’ ‘openssl’ ‘pkgbuild’ ‘rlang’ ‘rmarkdown’ ‘roxygen2’
‘spelling’ ‘testthat’ ‘utils’
All declared Imports should be used.
Flavors: r-devel-linux-x86_64-fedora-clang, r-devel-linux-x86_64-fedora-gcc, r-patched-solaris-x86, r-release-macos-x86_64, r-oldrel-macos-x86_64