CRAN Package Check Results for Package mco

Last updated on 2020-12-04 00:48:26 CET.

Flavor Version Tinstall Tcheck Ttotal Status Flags
r-devel-linux-x86_64-debian-clang 1.15.6 6.09 39.17 45.26 OK
r-devel-linux-x86_64-debian-gcc 1.15.6 3.71 30.83 34.54 OK
r-devel-linux-x86_64-fedora-clang 1.15.6 63.22 OK
r-devel-linux-x86_64-fedora-gcc 1.15.6 51.02 OK
r-devel-windows-ix86+x86_64 1.15.6 14.00 65.00 79.00 OK
r-patched-linux-x86_64 1.15.6 4.43 40.98 45.41 OK
r-patched-solaris-x86 1.15.6 80.70 OK
r-release-linux-x86_64 1.15.6 4.46 39.82 44.28 OK
r-release-macos-x86_64 1.15.6 OK
r-release-windows-ix86+x86_64 1.15.6 14.00 61.00 75.00 OK
r-oldrel-macos-x86_64 1.15.6 NOTE
r-oldrel-windows-ix86+x86_64 1.15.6 12.00 61.00 73.00 NOTE

Check Details

Version: 1.15.6
Check: R code for possible problems
Result: NOTE
    plot.nsga2: no visible global function definition for ‘plot’
    plot.nsga2.collection: no visible binding for global variable ‘plot’
    Undefined global functions or variables:
     plot
    Consider adding
     importFrom("graphics", "plot")
    to your NAMESPACE file.
Flavors: r-oldrel-macos-x86_64, r-oldrel-windows-ix86+x86_64