CRAN Package Check Results for Package mcmcsae

Last updated on 2020-12-04 00:48:26 CET.

Flavor Version Tinstall Tcheck Ttotal Status Flags
r-devel-linux-x86_64-debian-clang 0.5.0 113.33 261.43 374.76 OK
r-devel-linux-x86_64-debian-gcc 0.5.0 73.37 197.27 270.64 OK
r-devel-linux-x86_64-fedora-clang 0.5.0 475.19 NOTE
r-devel-linux-x86_64-fedora-gcc 0.5.0 446.67 OK
r-devel-windows-ix86+x86_64 0.5.0 220.00 339.00 559.00 OK
r-patched-linux-x86_64 0.5.0 88.66 249.49 338.15 OK
r-patched-solaris-x86 0.5.0 531.70 OK
r-release-linux-x86_64 0.5.0 87.66 249.78 337.44 OK
r-release-macos-x86_64 0.5.0 NOTE
r-release-windows-ix86+x86_64 0.5.0 161.00 323.00 484.00 OK
r-oldrel-macos-x86_64 0.5.0 NOTE
r-oldrel-windows-ix86+x86_64 0.5.0 174.00 318.00 492.00 OK

Check Details

Version: 0.5.0
Check: installed package size
Result: NOTE
     installed size is 13.5Mb
     sub-directories of 1Mb or more:
     libs 12.1Mb
Flavors: r-devel-linux-x86_64-fedora-clang, r-release-macos-x86_64, r-oldrel-macos-x86_64