Last updated on 2020-12-04 00:48:26 CET.
Flavor | Version | Tinstall | Tcheck | Ttotal | Status | Flags |
---|---|---|---|---|---|---|
r-devel-linux-x86_64-debian-clang | 1.1.1 | 785.75 | 65.14 | 850.89 | OK | --no-vignettes |
r-devel-linux-x86_64-debian-gcc | 1.1.1 | 487.15 | 50.20 | 537.35 | OK | --no-vignettes |
r-devel-linux-x86_64-fedora-clang | 1.1.1 | 1308.10 | NOTE | --no-vignettes | ||
r-devel-linux-x86_64-fedora-gcc | 1.1.1 | 1058.87 | NOTE | --no-vignettes | ||
r-devel-windows-ix86+x86_64 | 1.1.1 | 1797.00 | 67.00 | 1864.00 | NOTE | --no-vignettes |
r-patched-linux-x86_64 | 1.1.1 | 594.28 | 61.25 | 655.53 | OK | --no-vignettes |
r-patched-solaris-x86 | 1.1.1 | 748.80 | OK | --no-vignettes | ||
r-release-linux-x86_64 | 1.1.1 | 601.42 | 62.04 | 663.46 | OK | --no-vignettes |
r-release-macos-x86_64 | 1.1.1 | FAIL | ||||
r-release-windows-ix86+x86_64 | 1.1.1 | 1334.00 | 88.00 | 1422.00 | NOTE | --no-vignettes |
r-oldrel-macos-x86_64 | 1.1.1 | FAIL | ||||
r-oldrel-windows-ix86+x86_64 | 1.1.1 | 1321.00 | 81.00 | 1402.00 | NOTE | --no-vignettes |
Version: 1.1.1
Flags: --no-vignettes
Check: installed package size
Result: NOTE
installed size is 17.1Mb
sub-directories of 1Mb or more:
doc 3.8Mb
libs 13.0Mb
Flavors: r-devel-linux-x86_64-fedora-clang, r-devel-windows-ix86+x86_64, r-release-windows-ix86+x86_64, r-oldrel-windows-ix86+x86_64
Version: 1.1.1
Flags: --no-vignettes
Check: compiled code
Result: NOTE
File ‘mcemGLM/libs/mcemGLM.so’:
Found no calls to: ‘R_registerRoutines’, ‘R_useDynamicSymbols’
It is good practice to register native routines and to disable symbol
search.
See ‘Writing portable packages’ in the ‘Writing R Extensions’ manual.
Flavors: r-devel-linux-x86_64-fedora-clang, r-devel-linux-x86_64-fedora-gcc
Version: 1.1.1
Check: installed package size
Result: NOTE
installed size is 15.4Mb
sub-directories of 1Mb or more:
doc 3.8Mb
libs 11.4Mb
Flavors: r-release-macos-x86_64, r-oldrel-macos-x86_64
Version: 1.1.1
Check: running R code from vignettes
Result: FAIL
Flavors: r-release-macos-x86_64, r-oldrel-macos-x86_64