CRAN Package Check Results for Package mcMST

Last updated on 2020-12-04 00:48:26 CET.

Flavor Version Tinstall Tcheck Ttotal Status Flags
r-devel-linux-x86_64-debian-clang 1.0.1 15.49 136.12 151.61 OK
r-devel-linux-x86_64-debian-gcc 1.0.1 12.41 104.72 117.13 OK
r-devel-linux-x86_64-fedora-clang 1.0.1 193.89 NOTE
r-devel-linux-x86_64-fedora-gcc 1.0.1 178.22 NOTE
r-devel-windows-ix86+x86_64 1.0.1 28.00 113.00 141.00 OK
r-patched-linux-x86_64 1.0.1 15.86 129.47 145.33 OK
r-patched-solaris-x86 1.0.1 269.90 NOTE
r-release-linux-x86_64 1.0.1 15.24 129.63 144.87 OK
r-release-macos-x86_64 1.0.1 NOTE
r-release-windows-ix86+x86_64 1.0.1 24.00 105.00 129.00 OK
r-oldrel-macos-x86_64 1.0.1 NOTE
r-oldrel-windows-ix86+x86_64 1.0.1 32.00 111.00 143.00 OK

Check Details

Version: 1.0.1
Check: dependencies in R code
Result: NOTE
    Namespaces in Imports field not imported from:
     ‘parallelMap’ ‘reshape2’
     All declared Imports should be used.
Flavors: r-devel-linux-x86_64-fedora-clang, r-devel-linux-x86_64-fedora-gcc, r-patched-solaris-x86, r-release-macos-x86_64, r-oldrel-macos-x86_64