CRAN Package Check Results for Package mcGlobaloptim

Last updated on 2020-12-04 00:48:26 CET.

Flavor Version Tinstall Tcheck Ttotal Status Flags
r-devel-linux-x86_64-debian-clang 0.1 2.98 30.61 33.59 NOTE
r-devel-linux-x86_64-debian-gcc 0.1 2.48 23.07 25.55 NOTE
r-devel-linux-x86_64-fedora-clang 0.1 45.68 NOTE
r-devel-linux-x86_64-fedora-gcc 0.1 34.69 NOTE
r-devel-windows-ix86+x86_64 0.1 5.00 36.00 41.00 NOTE
r-patched-linux-x86_64 0.1 2.91 30.18 33.09 NOTE
r-patched-solaris-x86 0.1 51.50 NOTE
r-release-linux-x86_64 0.1 3.02 27.90 30.92 NOTE
r-release-macos-x86_64 0.1 NOTE
r-release-windows-ix86+x86_64 0.1 5.00 31.00 36.00 NOTE
r-oldrel-macos-x86_64 0.1 NOTE
r-oldrel-windows-ix86+x86_64 0.1 5.00 49.00 54.00 NOTE

Check Details

Version: 0.1
Check: R code for possible problems
Result: NOTE
    call_localoptim: no visible global function definition for 'optim'
    call_localoptim: no visible global function definition for 'nlminb'
    call_localoptim: no visible global function definition for
     'txtProgressBar'
    call_localoptim: no visible global function definition for
     'setTxtProgressBar'
    call_localoptim : <anonymous>: no visible global function definition
     for 'optim'
    call_localoptim : <anonymous>: no visible global function definition
     for 'nlminb'
    multiStartoptim: no visible global function definition for 'median'
    Undefined global functions or variables:
     median nlminb optim setTxtProgressBar txtProgressBar
    Consider adding
     importFrom("stats", "median", "nlminb", "optim")
     importFrom("utils", "setTxtProgressBar", "txtProgressBar")
    to your NAMESPACE file.
Flavors: r-devel-linux-x86_64-debian-clang, r-devel-linux-x86_64-debian-gcc, r-devel-linux-x86_64-fedora-clang, r-devel-linux-x86_64-fedora-gcc, r-devel-windows-ix86+x86_64, r-patched-linux-x86_64, r-patched-solaris-x86, r-release-linux-x86_64, r-release-macos-x86_64, r-release-windows-ix86+x86_64, r-oldrel-macos-x86_64, r-oldrel-windows-ix86+x86_64